/(-57)))/(1/(-4)). Let m be i(b). Let c = m - -12. List the prime factors of c.
2, 7
Let c = -36 + 44. Let n be c/4 + (2 - (3 - 74)). Suppose 49*f = 46*f + n. What are the prime factors of f?
5
Suppose 46*g - 42*g + 5816 = 0. Let m = -591 - g. List the prime factors of m.
863
Let y(m) = -32*m**3 - 13*m + 13. Let t be y(1). What are the prime factors of (-20728)/t + 1/4?
2, 3
Suppose -12*z + 1236 + 3444 = 0. List the prime factors of z/52*(-1436)/(-10).
3, 359
Let p = -9 - 50. Let s = -58 - p. Suppose -2*l - 1 = s, 2*l = 4*m - 658. List the prime factors of m.
2, 41
Suppose 5*m + 3*w = -102, 3*w - 42 = -4*m + 7*m. Let r be 24/m*(-6)/4. Suppose 0*u - 4*g + 170 = r*u, -8 = 2*g. What are the prime factors of u?
3, 31
Suppose 5*l + 9 = 24. Suppose 41244 = 39*i + l*i. What are the prime factors of i?
2, 491
Let m = -490 - -517. Suppose -m*k + 6882 + 9480 = 0. List the prime factors of k.
2, 3, 101
Suppose -3*m = -2*d + 11, -3*m - 13 = -2*d + 2*m. Suppose -d = -n + 4*n + 4*r, -r = 5*n - 16. What are the prime factors of 2*58 + -2*6/n?
113
Let i(d) = 80 - 28*d + 5*d + 9 - 6*d. What are the prime factors of i(-10)?
379
Suppose -74*l + 17*l + 320910 = 0. What are the prime factors of l?
2, 5, 563
Let h = 10612 + -5316. What are the prime factors of h?
2, 331
Let g be (-3630)/(-44)*52/6. List the prime factors of g - 0 - (-41 + 38).
2, 359
Let h = -3 - -15. Suppose -3*u - h = -u. List the prime factors of 1113/10*2 + u/(-15).
223
Let p be 0/2 + (-1444)/(-19). Suppose 0 = -p*q + 72*q + 752. What are the prime factors of q?
2, 47
Let q(r) = 628*r - 1792. List the prime factors of q(29).
2, 5, 821
Suppose 0 = 98*i - 63267 - 72757. List the prime factors of i.
2, 347
Let t = 931 - -5403. List the prime factors of t.
2, 3167
Suppose -g - 1761 = -1768, q - 2*g - 8483 = 0. What are the prime factors of q?
29, 293
Let r be 2 + (-23 - 505 - (5 - 1)). Let u = r - -852. What are the prime factors of u?
2, 7, 23
Let d = 316 + -181. Suppose -117 = 7*w + d. List the prime factors of (-8)/w - (-4)/(72/1490).
83
Suppose 2*f - 80 = 4*n, -20*f - 200 = -25*f - 2*n. Let g = 254 - f. List the prime factors of g.
2, 107
Let v(q) = -10*q**3 - 3*q**2 - 7*q - 2. Let a(n) = -n**3 - n**2 - n. Let y(x) = 2*a(x) - v(x). Let d be y(-2). List the prime factors of -13 - -10 - 3*d.
3, 67
Suppose 7*d = -25*d + 256. Suppose 12*z - 18000 = -d*z. What are the prime factors of z?
2, 3, 5
Let z(g) = -g + 22. Let a be z(12). Let l be 4*((-35)/a - -4). Suppose -2*q + 4*k + 6 + l = 0, 5*q - 4*k - 38 = 0. List the prime factors of q.
2, 5
List the prime factors of 1318/1977*176361/2.
58787
Let i(o) = 16 - 28*o**3 + 13*o**3 - 3*o**2 + 16*o**3. Let z be i(7). Let h = 325 - z. List the prime factors of h.
113
Suppose -6*d + d = 810. Let f = 313 + d. Let b = f + -79. List the prime factors of b.
2, 3
Suppose 0 = 4*a + 5*l - 34818, 3*a - 28019 = l - 1896. List the prime factors of a.
8707
Let b be (-3)/((-3)/7*(-7)/254). Let j = 356 + b. What are the prime factors of j?
2, 3, 17
Let i be (-2470)/104 + (-2)/8. What are the prime factors of ((-232)/i + -3)*48/10?
2
Let m = 310 - 132. Suppose m*y - 182*y = -1904. List the prime factors of y.
2, 7, 17
Let h(b) = 22*b**3 - 2*b**2 - 10*b + 17. Let p be h(4). Suppose r = 4*a + 208 + 49, 5*r - 3*a - p = 0. What are the prime factors of r?
3, 7, 13
Let c = 22760 + -11764. List the prime factors of c.
2, 2749
Suppose 932*c - 41886 = 919*c. List the prime factors of c.
2, 3, 179
Let c(z) be the third derivative of 53*z**4/12 - z**3/3 + 57*z**2. What are the prime factors of c(1)?
2, 13
Let c(w) = w**3 - w**2 - 44*w - 4. Let u be c(7). List the prime factors of (9/u)/(11606/(-3868) - -3).
967
Suppose 42 = 3*q + 2*v - 5*v, -16 = -4*q - 4*v. Let z(g) = -1 - g**3 + 2*g - 1 + 4 + 2 + q*g**2. List the prime factors of z(8).
2, 3, 7
Let k be 4 + (9 - 4 - -769). Let u = k + -485. What are the prime factors of u?
293
Suppose 2*d = 3*q + 507, 0 = d + q + q - 257. List the prime factors of (4 - d/12)/(4/(-144)).
3, 23
Suppose 0 = -c - 7 + 3. Let h be 16/2*((-34)/c)/17. Suppose o + 2*o = h*u - 482, o - 2 = 0. What are the prime factors of u?
2, 61
Let w be (20/(-6))/((-13)/(-39)). Let i(d) = -d**2 - 10*d + 14. Let m be i(w). Suppose -m = -4*y + 14. What are the prime factors of y?
7
Let l = 217 + -691. Let a(n) = -3*n**2 + 2*n - 4. Let g be a(9). Let r = g - l. What are the prime factors of r?
5, 7
Let b(p) = 2*p - 8. Let m be b(6). Suppose -t - 194 = -m*f + t, -4*t - 4 = 0. Suppose -54 = -j - 5*y, -j + 2*y - 5*y = -f. What are the prime factors of j?
3, 13
Let i = -2639 - -8795. What are the prime factors of i?
2, 3, 19
Let w = -316 - -555. Let n = w - 120. List the prime factors of n.
7, 17
Suppose 198 = 3*k + 3*i, -38*k - 2*i - 228 = -41*k. List the prime factors of k.
2, 3
Suppose 133775 = 87*m - 69*m - 62587. What are the prime factors of m?
10909
Suppose 0 = -5*m - 2*t + 10, -2*m + 2*t - 5*t + 15 = 0. Let p be (-4)/(-8)*(m + 10). Suppose 5*l - 882 = l - 5*c, -2*l + 446 = p*c. List the prime factors of l.
2, 109
Let b = 357 - 390. Let h(r) = -2*r**3 - 66*r**2 - 36*r - 12. What are the prime factors of h(b)?
2, 3, 7
Let n = 204 + -201. Suppose 295 = 3*l + 2*o, n*l + o = 117 + 173. List the prime factors of l.
5, 19
Suppose -90*b - 149044 = -104*b. List the prime factors of b.
2, 5323
Let a be 395/(-3*4/(-12) - 0). Let y = -193 + a. List the prime factors of y.
2, 101
Let c(r) = -r**3 - 8*r**2 - 17*r + 12. Let m be c(-5). Let p = 417 + m. List the prime factors of p.
439
Let k = 150001 - 72618. What are the prime factors of k?
77383
Let b = -41 + 47. Let d(l) = -22*l - 12. Let x be d(b). List the prime factors of (44/(-16))/(6/x).
2, 3, 11
Suppose 15*i = 87297 + 173793. List the prime factors of i.
2, 3, 967
List the prime factors of 2845/((18 - 16)*3/12).
2, 5, 569
List the prime factors of 38/4*(-6)/15*-2285.
19, 457
Let d(p) = p**3 + 6*p**2 - 30*p + 12. Let s be d(-10). Let g = 190 + s. Suppose -4*v + 94 = -g. What are the prime factors of v?
7
Suppose -3*h + 7*h - 161724 = 4*k, -3*k - 161726 = -4*h. List the prime factors of h.
40433
Suppose 5*y + 2*s = 182, 3*y + 7*s = 8*s + 107. Let g = 114 - y. List the prime factors of g.
2, 3, 13
Let z(k) = k**3 - 5*k**2 + 9*k - 8. Let n = 3 - -3. Let l be z(n). Suppose 0*x + r - 158 = -2*x, 0 = -x + r + l. List the prime factors of x.
2, 5
What are the prime factors of 59134/9 - 24/54?
2, 3, 5, 73
Let g = 699 + -272. Let h = g + -206. List the prime factors of h.
13, 17
Suppose 38*c - 16*c - 448754 = 244. What are the prime factors of c?
3, 6803
Let l(s) = 39*s**3 + 14*s**2 - 14*s - 46. List the prime factors of l(9).
7, 13, 17, 19
Let b be -9 - -5 - (-5 + 1). Suppose -13*w - 13 + 52 = b. Suppose -2*s - w*s = -875. What are the prime factors of s?
5, 7
What are the prime factors of 2/29 + (15 - 349728/(-174))?
3, 5
Let g = -11581 - -23943. What are the prime factors of g?
2, 7, 883
Let d = 186 + -162. List the prime factors of 2 - 5 - (-869 + d).
2, 421
Let n = -15 - -20. Suppose -2*k + 7*k = 0, 0 = n*y - 2*k. Suppose y = -j - 9*c + 4*c, 2*j = -c + 9. List the prime factors of j.
5
Suppose -v = -4*d + 16, -4*d - 4*v + 18 - 2 = 0. Let k be ((-10)/d)/((-30)/24). Suppose -n + k*h = -2*n + 35, 0 = -h + 5. What are the prime factors of n?
5
What are the prime factors of 0 + 1 + 2816 + 6/(-24)*-16?
7, 13, 31
Let c be 3 + (-1 - 12/(-8))*0. Suppose 0 = v - 2*v - 4*a + 959, -c*a = -4*v + 3855. What are the prime factors of v?
3, 107
Let q = 57832 - 36290. List the prime factors of q.
2, 10771
Suppose i = -v + 5*i - 32, -i = 5*v + 76. Suppose 5*w = 3*g + 940, 2*w + 166 = 3*w - 5*g. Let p = v + w. What are the prime factors of p?
5, 7
Let h be (-5 - -1) + 4/((-4)/(-9)). Suppose -225 = -h*p + 160. Let y = p - 34. List the prime factors of y.
43
Let j(w) = w**3 - 5*w**2 - w - 20. Let r(g) = -2*g**2 - 16*g - 8. Let n be r(-7). Let m be j(n). Suppose -4*c = -m - 102. List the prime factors of c.
2, 7
Suppose -4*t - l = 19, -2*l - 32 = 5*t + 2*l. Let g(o) = -2*o - 4. Let q be g(t). What are the prime factors of (3580/(-16))/(-5) + 1/q?
3, 5
Let m = 715 + -245. What are the prime factors of (93/31)/(6/m)?
5, 47
Suppose -1937 + 369 = -4*j. Suppose 5*f - 761 = 4*w, -377 = 2*w - 0*w + f. Let p = j + w. What are the prime factors of p?
7, 29
L